{"id":1382,"date":"2024-08-02T13:47:53","date_gmt":"2024-08-02T13:47:53","guid":{"rendered":"https:\/\/leana.chiisus.com\/?page_id=1382"},"modified":"2024-08-02T14:21:51","modified_gmt":"2024-08-02T14:21:51","slug":"martin-o","status":"publish","type":"page","link":"https:\/\/leana.chiisus.com\/index.php\/martin-o\/","title":{"rendered":"Martin O."},"content":{"rendered":"\t\t<div data-elementor-type=\"wp-page\" data-elementor-id=\"1382\" class=\"elementor elementor-1382\">\n\t\t\t\t<div class=\"elementor-element elementor-element-0cab981 e-con-full e-flex e-con e-parent\" data-id=\"0cab981\" data-element_type=\"container\" data-settings=\"{&quot;content_width&quot;:&quot;full&quot;}\" data-core-v316-plus=\"true\">\n\t\t<div class=\"elementor-element elementor-element-a6060ce e-con-full e-flex e-con e-child\" data-id=\"a6060ce\" data-element_type=\"container\" data-settings=\"{&quot;content_width&quot;:&quot;full&quot;}\">\n\t\t\t\t<div class=\"elementor-element elementor-element-9d212ac elementor-view-default elementor-widget elementor-widget-icon\" data-id=\"9d212ac\" data-element_type=\"widget\" data-widget_type=\"icon.default\">\n\t\t\t\t<div class=\"elementor-widget-container\">\n\t\t\t\t\t<div class=\"elementor-icon-wrapper\">\n\t\t\t<a class=\"elementor-icon\" href=\"https:\/\/leana.chiisus.com\/index.php\/was\/\">\n\t\t\t<svg aria-hidden=\"true\" class=\"e-font-icon-svg e-fas-arrow-left\" viewBox=\"0 0 448 512\" xmlns=\"http:\/\/www.w3.org\/2000\/svg\"><path d=\"M257.5 445.1l-22.2 22.2c-9.4 9.4-24.6 9.4-33.9 0L7 273c-9.4-9.4-9.4-24.6 0-33.9L201.4 44.7c9.4-9.4 24.6-9.4 33.9 0l22.2 22.2c9.5 9.5 9.3 25-.4 34.3L136.6 216H424c13.3 0 24 10.7 24 24v32c0 13.3-10.7 24-24 24H136.6l120.5 114.8c9.8 9.3 10 24.8.4 34.3z\"><\/path><\/svg>\t\t\t<\/a>\n\t\t<\/div>\n\t\t\t\t<\/div>\n\t\t\t\t<\/div>\n\t\t\t\t<\/div>\n\t\t<div class=\"elementor-element elementor-element-5df4a5e e-con-full e-flex e-con e-child\" data-id=\"5df4a5e\" data-element_type=\"container\" data-settings=\"{&quot;content_width&quot;:&quot;full&quot;}\">\n\t\t\t\t<div class=\"elementor-element elementor-element-b74df1b elementor-widget elementor-widget-text-editor\" data-id=\"b74df1b\" data-element_type=\"widget\" data-widget_type=\"text-editor.default\">\n\t\t\t\t<div class=\"elementor-widget-container\">\n\t\t\t<style>\/*! elementor - v3.19.0 - 07-02-2024 *\/\n.elementor-widget-text-editor.elementor-drop-cap-view-stacked .elementor-drop-cap{background-color:#69727d;color:#fff}.elementor-widget-text-editor.elementor-drop-cap-view-framed .elementor-drop-cap{color:#69727d;border:3px solid;background-color:transparent}.elementor-widget-text-editor:not(.elementor-drop-cap-view-default) .elementor-drop-cap{margin-top:8px}.elementor-widget-text-editor:not(.elementor-drop-cap-view-default) .elementor-drop-cap-letter{width:1em;height:1em}.elementor-widget-text-editor .elementor-drop-cap{float:left;text-align:center;line-height:1;font-size:50px}.elementor-widget-text-editor .elementor-drop-cap-letter{display:inline-block}<\/style>\t\t\t\t<h2>Martin O.<\/h2>\t\t\t\t\t\t<\/div>\n\t\t\t\t<\/div>\n\t\t\t\t<\/div>\n\t\t\t\t<\/div>\n\t\t<div class=\"elementor-element elementor-element-dae1e3a e-con-full e-flex e-con e-parent\" data-id=\"dae1e3a\" data-element_type=\"container\" data-settings=\"{&quot;content_width&quot;:&quot;full&quot;,&quot;background_background&quot;:&quot;classic&quot;}\" data-core-v316-plus=\"true\">\n\t\t\t\t<\/div>\n\t\t<div class=\"elementor-element elementor-element-1aeeb12 e-con-full e-flex e-con e-parent\" data-id=\"1aeeb12\" data-element_type=\"container\" data-settings=\"{&quot;content_width&quot;:&quot;full&quot;}\" data-core-v316-plus=\"true\">\n\t\t<div class=\"elementor-element elementor-element-7c3e1b7 e-con-full e-flex e-con e-child\" data-id=\"7c3e1b7\" data-element_type=\"container\" data-settings=\"{&quot;content_width&quot;:&quot;full&quot;}\">\n\t\t\t\t<div class=\"elementor-element elementor-element-22b128b elementor-widget elementor-widget-text-editor\" data-id=\"22b128b\" data-element_type=\"widget\" data-widget_type=\"text-editor.default\">\n\t\t\t\t<div class=\"elementor-widget-container\">\n\t\t\t\t\t\t\t<h4>Webdesign<\/h4>\t\t\t\t\t\t<\/div>\n\t\t\t\t<\/div>\n\t\t\t\t<\/div>\n\t\t<div class=\"elementor-element elementor-element-3ebabcb e-con-full e-flex e-con e-child\" data-id=\"3ebabcb\" data-element_type=\"container\" data-settings=\"{&quot;content_width&quot;:&quot;full&quot;}\">\n\t\t\t\t<div class=\"elementor-element elementor-element-c9e507e elementor-widget elementor-widget-text-editor\" data-id=\"c9e507e\" data-element_type=\"widget\" data-widget_type=\"text-editor.default\">\n\t\t\t\t<div class=\"elementor-widget-container\">\n\t\t\t\t\t\t\t<h4>2023<\/h4>\t\t\t\t\t\t<\/div>\n\t\t\t\t<\/div>\n\t\t\t\t<\/div>\n\t\t<div class=\"elementor-element elementor-element-bf920df e-con-full e-flex e-con e-child\" data-id=\"bf920df\" data-element_type=\"container\" data-settings=\"{&quot;content_width&quot;:&quot;full&quot;}\">\n\t\t\t\t<div class=\"elementor-element elementor-element-5c97594 elementor-widget elementor-widget-text-editor\" data-id=\"5c97594\" data-element_type=\"widget\" data-widget_type=\"text-editor.default\">\n\t\t\t\t<div class=\"elementor-widget-container\">\n\t\t\t\t\t\t\t<h4>Sichtwerk Ag<\/h4>\t\t\t\t\t\t<\/div>\n\t\t\t\t<\/div>\n\t\t\t\t<\/div>\n\t\t\t\t<\/div>\n\t\t<div class=\"elementor-element elementor-element-30cd2f7 e-flex e-con-boxed e-con e-parent\" data-id=\"30cd2f7\" data-element_type=\"container\" data-settings=\"{&quot;content_width&quot;:&quot;boxed&quot;}\" data-core-v316-plus=\"true\">\n\t\t\t\t\t<div class=\"e-con-inner\">\n\t\t<div class=\"elementor-element elementor-element-0250652 e-con-full e-flex e-con e-child\" data-id=\"0250652\" data-element_type=\"container\" data-settings=\"{&quot;content_width&quot;:&quot;full&quot;}\">\n\t\t\t\t<div class=\"elementor-element elementor-element-d23726e elementor-widget elementor-widget-text-editor\" data-id=\"d23726e\" data-element_type=\"widget\" data-widget_type=\"text-editor.default\">\n\t\t\t\t<div class=\"elementor-widget-container\">\n\t\t\t\t\t\t\t<h3>s\u00e4nger und moderator<\/h3>\t\t\t\t\t\t<\/div>\n\t\t\t\t<\/div>\n\t\t\t\t<div class=\"elementor-element elementor-element-eaac9d9 elementor-align-left elementor-widget elementor-widget-button\" data-id=\"eaac9d9\" data-element_type=\"widget\" data-widget_type=\"button.default\">\n\t\t\t\t<div class=\"elementor-widget-container\">\n\t\t\t\t\t<div class=\"elementor-button-wrapper\">\n\t\t\t<a class=\"elementor-button elementor-button-link elementor-size-sm elementor-animation-float\" href=\"https:\/\/www.martin-o.ch\/\" target=\"_blank\">\n\t\t\t\t\t\t<span class=\"elementor-button-content-wrapper\">\n\t\t\t\t\t\t<span class=\"elementor-button-text\">Zur Website<\/span>\n\t\t<\/span>\n\t\t\t\t\t<\/a>\n\t\t<\/div>\n\t\t\t\t<\/div>\n\t\t\t\t<\/div>\n\t\t\t\t<\/div>\n\t\t<div class=\"elementor-element elementor-element-3434920 e-con-full e-flex e-con e-child\" data-id=\"3434920\" data-element_type=\"container\" data-settings=\"{&quot;content_width&quot;:&quot;full&quot;}\">\n\t\t\t\t<div class=\"elementor-element elementor-element-15ddf03 elementor-widget elementor-widget-text-editor\" data-id=\"15ddf03\" data-element_type=\"widget\" data-widget_type=\"text-editor.default\">\n\t\t\t\t<div class=\"elementor-widget-container\">\n\t\t\t\t\t\t\t<p>F\u00fcr den Ostschweizer Musiker Martin O. habe ich w\u00e4hrend meiner Ausbildung eine neue Website gestaltet. Mit einem auff\u00e4lligem Farbkonzept und interaktiven Animationen wird das Erlebnis f\u00fcr den User so spannend wie m\u00f6glich.<\/p>\t\t\t\t\t\t<\/div>\n\t\t\t\t<\/div>\n\t\t\t\t<\/div>\n\t\t\t\t\t<\/div>\n\t\t\t\t<\/div>\n\t\t<div class=\"elementor-element elementor-element-5b4811c e-flex e-con-boxed e-con e-parent\" data-id=\"5b4811c\" data-element_type=\"container\" data-settings=\"{&quot;content_width&quot;:&quot;boxed&quot;}\" data-core-v316-plus=\"true\">\n\t\t\t\t\t<div class=\"e-con-inner\">\n\t\t\t\t<div class=\"elementor-element elementor-element-2de1203 elementor-widget elementor-widget-image\" data-id=\"2de1203\" data-element_type=\"widget\" data-widget_type=\"image.default\">\n\t\t\t\t<div class=\"elementor-widget-container\">\n\t\t\t<style>\/*! elementor - v3.19.0 - 07-02-2024 *\/\n.elementor-widget-image{text-align:center}.elementor-widget-image a{display:inline-block}.elementor-widget-image a img[src$=\".svg\"]{width:48px}.elementor-widget-image img{vertical-align:middle;display:inline-block}<\/style>\t\t\t\t\t\t\t\t\t\t<img fetchpriority=\"high\" decoding=\"async\" width=\"2144\" height=\"1274\" src=\"https:\/\/leana.chiisus.com\/wp-content\/uploads\/2024\/08\/Group-1570-1.png\" class=\"attachment-full size-full wp-image-1438\" alt=\"\" srcset=\"https:\/\/leana.chiisus.com\/wp-content\/uploads\/2024\/08\/Group-1570-1.png 2144w, https:\/\/leana.chiisus.com\/wp-content\/uploads\/2024\/08\/Group-1570-1-300x178.png 300w, https:\/\/leana.chiisus.com\/wp-content\/uploads\/2024\/08\/Group-1570-1-1024x608.png 1024w, https:\/\/leana.chiisus.com\/wp-content\/uploads\/2024\/08\/Group-1570-1-768x456.png 768w, https:\/\/leana.chiisus.com\/wp-content\/uploads\/2024\/08\/Group-1570-1-1536x913.png 1536w, https:\/\/leana.chiisus.com\/wp-content\/uploads\/2024\/08\/Group-1570-1-2048x1217.png 2048w\" sizes=\"(max-width: 2144px) 100vw, 2144px\" \/>\t\t\t\t\t\t\t\t\t\t\t\t\t<\/div>\n\t\t\t\t<\/div>\n\t\t\t\t\t<\/div>\n\t\t\t\t<\/div>\n\t\t<div class=\"elementor-element elementor-element-07fa1ab e-flex e-con-boxed e-con e-parent\" data-id=\"07fa1ab\" data-element_type=\"container\" data-settings=\"{&quot;content_width&quot;:&quot;boxed&quot;}\" data-core-v316-plus=\"true\">\n\t\t\t\t\t<div class=\"e-con-inner\">\n\t\t\t\t<div class=\"elementor-element elementor-element-5f5fc98 elementor-widget elementor-widget-image\" data-id=\"5f5fc98\" data-element_type=\"widget\" data-widget_type=\"image.default\">\n\t\t\t\t<div class=\"elementor-widget-container\">\n\t\t\t\t\t\t\t\t\t\t\t\t\t<img decoding=\"async\" width=\"2298\" height=\"1418\" src=\"https:\/\/leana.chiisus.com\/wp-content\/uploads\/2024\/08\/Bildschirmfoto-2024-05-16-um-14.23-1-1.png\" class=\"attachment-full size-full wp-image-1437\" alt=\"\" srcset=\"https:\/\/leana.chiisus.com\/wp-content\/uploads\/2024\/08\/Bildschirmfoto-2024-05-16-um-14.23-1-1.png 2298w, https:\/\/leana.chiisus.com\/wp-content\/uploads\/2024\/08\/Bildschirmfoto-2024-05-16-um-14.23-1-1-300x185.png 300w, https:\/\/leana.chiisus.com\/wp-content\/uploads\/2024\/08\/Bildschirmfoto-2024-05-16-um-14.23-1-1-1024x632.png 1024w, https:\/\/leana.chiisus.com\/wp-content\/uploads\/2024\/08\/Bildschirmfoto-2024-05-16-um-14.23-1-1-768x474.png 768w, https:\/\/leana.chiisus.com\/wp-content\/uploads\/2024\/08\/Bildschirmfoto-2024-05-16-um-14.23-1-1-1536x948.png 1536w, https:\/\/leana.chiisus.com\/wp-content\/uploads\/2024\/08\/Bildschirmfoto-2024-05-16-um-14.23-1-1-2048x1264.png 2048w\" sizes=\"(max-width: 2298px) 100vw, 2298px\" \/>\t\t\t\t\t\t\t\t\t\t\t\t\t<\/div>\n\t\t\t\t<\/div>\n\t\t\t\t\t<\/div>\n\t\t\t\t<\/div>\n\t\t\t\t<\/div>\n\t\t","protected":false},"excerpt":{"rendered":"<p>Martin O. Webdesign 2023 Sichtwerk Ag s\u00e4nger und moderator Zur Website F\u00fcr den Ostschweizer Musiker Martin O. habe ich w\u00e4hrend meiner Ausbildung eine neue Website gestaltet. Mit einem auff\u00e4lligem Farbkonzept und interaktiven Animationen wird das Erlebnis f\u00fcr den User so spannend wie m\u00f6glich.<\/p>\n","protected":false},"author":1,"featured_media":0,"parent":0,"menu_order":0,"comment_status":"closed","ping_status":"closed","template":"","meta":{"footnotes":""},"_links":{"self":[{"href":"https:\/\/leana.chiisus.com\/index.php\/wp-json\/wp\/v2\/pages\/1382"}],"collection":[{"href":"https:\/\/leana.chiisus.com\/index.php\/wp-json\/wp\/v2\/pages"}],"about":[{"href":"https:\/\/leana.chiisus.com\/index.php\/wp-json\/wp\/v2\/types\/page"}],"author":[{"embeddable":true,"href":"https:\/\/leana.chiisus.com\/index.php\/wp-json\/wp\/v2\/users\/1"}],"replies":[{"embeddable":true,"href":"https:\/\/leana.chiisus.com\/index.php\/wp-json\/wp\/v2\/comments?post=1382"}],"version-history":[{"count":19,"href":"https:\/\/leana.chiisus.com\/index.php\/wp-json\/wp\/v2\/pages\/1382\/revisions"}],"predecessor-version":[{"id":1442,"href":"https:\/\/leana.chiisus.com\/index.php\/wp-json\/wp\/v2\/pages\/1382\/revisions\/1442"}],"wp:attachment":[{"href":"https:\/\/leana.chiisus.com\/index.php\/wp-json\/wp\/v2\/media?parent=1382"}],"curies":[{"name":"wp","href":"https:\/\/api.w.org\/{rel}","templated":true}]}}